7 - (4 - 9/3). Calculate the remainder when 190/15 + 2/w is divided by m.
6
Let n be -2*(1 - 3) + (-1)/(-1). Suppose 384 = n*a - w, 3*w = a + 2*w - 80. Calculate the remainder when a is divided by 13.
11
Suppose -5*k + 60 = 5*p, -k - 5*p + 16 = 4. Let u(z) = -z**2 + 29*z + 142. Calculate the remainder when u(32) is divided by k.
10
Let y be ((-10)/6)/((-15)/18). Suppose y*r = 35 - 9. What is the remainder when 50 is divided by r?
11
Let i(n) = -2*n**2 + 16*n + 57. Calculate the remainder when 101 is divided by i(10).
16
Suppose -17*n = -20*n + 63. Let g = n + 19. Calculate the remainder when 79 is divided by g.
39
Suppose -4 = 4*z, -3*z + 33 = 3*m - 39. Calculate the remainder when 99 is divided by m.
24
Let g = 1140 - 1031. What is the remainder when g is divided by 26?
5
Let a(l) = l**2 - 12*l + 19. Let n be a(9). Let u(b) = -b + 19. What is the remainder when u(n) is divided by 7?
6
Calculate the remainder when (-6)/(-3)*9/2 is divided by (3/(9/(-2)))/((-6)/36).
1
Suppose -2*v - 5*v + 1127 = 0. Calculate the remainder when v is divided by 81.
80
Calculate the remainder when 958 is divided by (13/(-26))/((-1)/48).
22
Let w(o) = o**3 - 11*o**2 + 10*o + 17. Let t(j) = j**2 - 4*j - 22. Let l be t(8). Let m(h) = 18*h - 6. Calculate the remainder when m(4) is divided by w(l).
15
Calculate the remainder when 262/8 + (-45)/(-180) is divided by 27.
6
Suppose -49*s - 2295 = -94*s. What is the remainder when s is divided by 9?
6
Let t = 35 + -33. Calculate the remainder when 33 is divided by 20/t + 2/(-2).
6
Let x = 3 - -11. Let k(s) = 3*s**2 - 2*s + 1. Let g be k(2). Let t(j) = -j**2 + 9*j + 5. Calculate the remainder when x is divided by t(g).
4
Suppose g = 2*h - g - 10, 5*g + 9 = h. Calculate the remainder when 9 is divided by -4 - (h + (-11 - 0)).
0
Let f(d) = -d**3 - 20*d**2 - 21*d - 4. Calculate the remainder when f(-19) is divided by 11.
1
Let b be (-2 + 3)*-3*5. Let h be ((-12)/9)/(2/b). Let d = h - 8. What is the remainder when 4 is divided by d?
0
Let m be 8/3 - (-18)/(-27). Suppose 20 + 12 = m*b. What is the remainder when 48 is divided by b + -3 + 0 + -3?
8
Let n = 975 - 960. What is the remainder when 47 is divided by n?
2
Suppose 68 = 5*m + 2*p, -4*p + 36 = 2*m - p. Let u(b) = b + 58. Calculate the remainder when u(0) is divided by m.
10
Let o(q) = q**2 + 3*q - 1. Let z(v) = 95*v + 6. Calculate the remainder when z(1) is divided by o(-6).
16
Let q = -11 - -183. Let x = -55 + q. What is the remainder when x is divided by 15?
12
Let w(l) = -l**2 - 9*l - 9. Let b be w(-7). Suppose -4*q = -s + 28, b*q - 16 = -s + 3. Calculate the remainder when 46 is divided by s.
22
Calculate the remainder when 15 + (-2 - 0) + 65 is divided by 6.
0
Suppose 2*r = -4*x + 64 + 8, -x = -r + 30. Suppose 5*z - 13 = r. What is the remainder when 12/96 + 415/8 is divided by z?
7
Suppose -204*p + 174 = -175*p. Calculate the remainder when 136 is divided by p.
4
Let n be -5 + 1 + 0 + -2. Calculate the remainder when 13 is divided by n/(-33) - (-300)/44.
6
Let k be ((-5)/((-30)/9))/((-3)/(-8)). Let g = k - -28. What is the remainder when 125 is divided by g?
29
Let h be ((-35)/1 - 0)*-4. Suppose 0 = 3*i + 2*i - h. What is the remainder when 121/1 - (-979)/(-89) is divided by i?
26
Calculate the remainder when (-69035)/(-25) - 4 - (-9)/15 is divided by 60.
58
Calculate the remainder when 394 is divided by 3 - 56/20 - 13832/(-140).
97
What is the remainder when 11 is divided by 66/99 - (22/(-3) + -2)?
1
Suppose 0 = -g + 7 - 2. Suppose -4 = -u + g*y, -2*u + 4 + 4 = -4*y. Calculate the remainder when 7 is divided by u.
3
Let u = 32 - -11. What is the remainder when 126 is divided by u?
40
Let t = -115 + 295. Let s be t/8*(-12)/(-9). Let x = s - 16. Calculate the remainder when 23 is divided by x.
9
Suppose -2*r + 250 = 2*t, 22*t = 24*t - 6. Let q = 14 + 2. What is the remainder when r is divided by q?
10
Let z be (-4)/(-10) + (-48)/(-30). Suppose 0 = 3*c - 2*c - z. What is the remainder when (-1)/c*(-340)/5 is divided by 12?
10
Let o(u) = u**3 + 26*u**2 - 63*u - 92. Calculate the remainder when o(-28) is divided by 27.
23
What is the remainder when 88 is divided by -1 + -2 + 3197/139?
8
Suppose -4*u + 196 + 265 = -5*d, 2*d = -4*u + 426. Calculate the remainder when u is divided by 11.
10
Let a = 50 - 124. Let m = 78 + a. Calculate the remainder when 22 is divided by m.
2
Suppose 23*g - 131 = 1019. What is the remainder when 248 is divided by g?
48
What is the remainder when 476 is divided by ((-3)/15)/(2/(-30)) - -57?
56
Suppose 27 = 15*u - 723. Calculate the remainder when 97 is divided by u.
47
Let p(d) = d**2 - d + 3. Let l be p(-6). Let z(k) = -k**2 - 31*k - 26. Let s be z(-12). What is the remainder when (-10)/l + s/18 is divided by 8?
3
Let o(i) = 5*i**2 - i + 1. Suppose 5*x + 4*d = 2, 2*x - 4*x = -2*d + 10. What is the remainder when 90 is divided by o(x)?
21
Let y = 39 + -36. Suppose -y*c + 43 = 2*r, -25 = -5*c + 4*r + 32. Calculate the remainder when 74 is divided by c.
9
Let x(q) = q**2 - 8. Suppose 6*k - 5*k = 4. Let p be x(k). Suppose 2*z = 6 + p. Calculate the remainder when z is divided by 4.
3
Let o be 4/(-3)*(-270)/72. Suppose o*r + 3*d - 193 = 0, d - 283 = -5*r - 92. Calculate the remainder when r is divided by 20.
18
Calculate the remainder when (-17)/51*(-285)/1 is divided by 49.
46
Suppose -186 = 2*h - a, 5*h - 2*a = a - 464. Let y = h - -208. What is the remainder when y is divided by 1450/(-75)*6/(-4)?
27
Let g = -1 + 7. Suppose 0 = g*f - 4*f - 18. What is the remainder when (-1 - -2)/(6/90) is divided by f?
6
Let v be (2116/69)/(2/(12/(-2))). Let b = 120 + v. Suppose -6 = -3*x + 3, 0 = 5*c + x - 53. Calculate the remainder when b is divided by c.
8
Suppose -12*k + 882 = -5*k. What is the remainder when 397 is divided by k?
19
Suppose -4*r = -40*r + 5436. Calculate the remainder when r is divided by (-19)/(3/(-3)*1).
18
Let c = -87 - -119. Let r be 1*29 - (10 + -8). Suppose 7 = 2*i - r. What is the remainder when c is divided by i?
15
Let v(o) = 27*o - 18. Let l be v(7). Suppose -55 + l = f. Calculate the remainder when f is divided by 17.
14
Let i = 39 - 9. Calculate the remainder when -2 - 1 - (i/(-5) - 87) is divided by 16.
10
Let l = -15 + 7. Let v = l + 23. Calculate the remainder when v is divided by 6.
3
Calculate the remainder when 1788/(-126)*-3 - (-6)/14 is divided by (-16)/6*(-54)/12.
7
Suppose 0 = 5*v + 2*d - 402, 26*d - 5 = 21*d. What is the remainder when v is divided by 13?
2
Suppose 0 = -6*v + 260 + 4. Suppose 0 = -5*g - v + 89. Calculate the remainder when 15 is divided by g.
6
Let u = 8 + 24. Suppose -3*p - u = -11*p. What is the remainder when 7 is divided by p?
3
Suppose -8 - 3 = -r. Let p(g) = -g**3 + 11*g**2 + 4*g - 7. Calculate the remainder when 146 is divided by p(r).
35
Let z = 60 + -33. Suppose 3*x + 274 = -116. Let j = 182 + x. What is the remainder when j is divided by z?
25
Let k = 150 - 59. Calculate the remainder when 239 is divided by k.
57
Suppose 2*c + 0 = 4. Suppose -c*p - 14 - 27 = -3*x, 2*p = 5*x - 75. Calculate the remainder when 31 is divided by x.
14
Let o = -19 - -24. Suppose o*f - 38 - 42 = -3*q, 13 = 2*f + 5*q. What is the remainder when f is divided by 5?
4
Let h = 842 + -703. Calculate the remainder when h is divided by 50.
39
Let z be ((-208)/(-28))/2 - (-6)/21. Suppose -z*h + 3*r = -22, 0 = -4*h - 6*r + 3*r + 34. What is the remainder when h is divided by 4?
3
Let w = 280 - 262. Let v(a) = -a + 10 + 6 - 1. Calculate the remainder when w is divided by v(8).
4
Let i(m) = 2*m**2 - 58*m - 40. What is the remainder when 96 is divided by i(30)?
16
Let q be (-1)/2 - 780/(-40). Let l(u) = u**2 - 15*u - 28. Let c be l(q). Suppose 8 = -4*r + c. Calculate the remainder when r is divided by 6.
4
Suppose 5*p + 3806 = 11991. Suppose 440 = -9*h + p. Calculate the remainder when h is divided by 15.
13
Suppose -15*i + 744 - 84 = 0. What is the remainder when 79 is divided by i?
35
Let n = 15 - 6. Calculate the remainder when 114/27 + (-2)/n is divided by (-48)/(-20) - (-4)/(-10).
0
Let j = -103 - -29. Calculate the remainder when 66 is divided by (-3)/6*1*j.
29
Suppose -5*f + 2*f + 86 = -4*w, 39 = 2*f + w. Calculate the remainder when f is divided by (-12)/16*(-9 - -1).
4
Let u(w) = -w**3 - 8*w**2 - 9*w - 2. Let f 